{"id":1851,"date":"2022-03-07T11:58:48","date_gmt":"2022-03-07T11:58:48","guid":{"rendered":"https:\/\/www.planetbookeditrice.it\/?product=il-casello-ferroviario"},"modified":"2022-03-07T12:10:54","modified_gmt":"2022-03-07T12:10:54","slug":"il-casello-ferroviario","status":"publish","type":"product","link":"https:\/\/www.planetbookeditrice.it\/?product=il-casello-ferroviario","title":{"rendered":"Il casello ferroviario"},"content":{"rendered":"<p><span style=\"color: #800000;\"><strong>IL LIBRO<\/strong><\/span><\/p>\n<p>&#8230; Ci lasciamo condurre nei paesaggi di allora, e nel tempo di allora, la prima met\u00e0 del \u02b9900, quando tutto era diverso. Diverso nella forma, ma non nella sostanza. Perch\u00e9 questo testimonia la scrittura di Glauco: il mondo di oggi \u00e8 profondamente diverso, ma qualcosa permane. E in questo qualcosa, l\u2019oggi non si differenzia da ieri: resta immutato il nostro bisogno di dare e ricevere amore. Tutto \u00e8 cambiato, ma non \u00e8 cambiato ci\u00f2 che conta e giustifica le nostre vite.<\/p>\n<p align=\"right\"><em>dalla prefazione di Paola Evangelisti <\/em><\/p>\n<p><span style=\"color: #800000;\"><strong>L\u2019AUTORE<\/strong><\/span><\/p>\n<p>Nato a Imola, Glauco Gardini da molti anni vive a Forl\u00ec. Si \u00e8 laureato in economia e commercio presso l\u2019Universit\u00e0 di\u00a0 Bologna. Entrato in Banca d\u2019Italia, nel corso della sua carriera\u00a0 ha rivestito cariche importanti, fino a dirigere alcune filiali,\u00a0 tra le quali quella di Forl\u00ec. Col giungere della maturit\u00e0 ha ripreso a coltivare la passione giovanile per la letteratura, dedicandosi al romanzo, al racconto e alla fiaba. Ha pubblicato il romanzo \u201cDiario\u00a0 di un adolescente degli anni\u00a0 Sessanta\u201d ( Ed.\u00a0 Tempo al libro, 2008), i racconti: \u201cIl carillon\u201d, \u201cLivio e Taramot\u201d e \u201cI giorni\u00a0 di Lorenzo\u201d apparsi sulla rivista l\u2019Ortica, il libro per bambini \u201cUna\u00a0 fiaba per noi\u201d (Ed.\u00a0 Tempo al libro, 2011), il romanzo \u201cDa Biriciuci a Camilla\u201d (Centro Culturale L\u2019Ortica, 2013), il racconto \u201cOtello\u201d vincitore del 1\u00b0 Premio ex aequo, Sezione Prosa, della XXVII edizione del Concorso Letterario \u201cDare vita agli anni\u201d del 2017, e il libro \u201cVia Battistini n. 20\u201d (ed. Planet Book, 2019).<\/p>\n<p>\u00a0<\/p>\n<p>\u00a0<\/p>\n","protected":false},"excerpt":{"rendered":"<p>Codice ISBN: 9788831467957<br \/>\nAutore: GLAUCO GARDINI<br \/>\nTitolo: IL CASELLO FERROVIARIO<br \/>\nSottotitolo:  Qui si parla dell&#8217;infanzia, dell&#8217;adolescenza e del primo amore di un ragazzo romagnolo nato nel 1920 in un casello ferroviario vicino a Imola<br \/>\nAnno di Edizione: 2022<br \/>\nNumero di pagine: 78<br \/>\nPrezzo: \u20ac 10,00<br \/>\nGenere: NARRATIVA &#8211; Romanzo<\/p>\n","protected":false},"author":1,"featured_media":1852,"comment_status":"open","ping_status":"closed","template":"","meta":{"om_disable_all_campaigns":false,"advgb_blocks_editor_width":"","advgb_blocks_columns_visual_guide":"","_monsterinsights_skip_tracking":false},"product_cat":[126,125],"product_tag":[],"class_list":["post-1851","product","type-product","status-publish","has-post-thumbnail","product_cat-romanzi-1","product_cat-narrativa","pa_brand_nc-184","first","instock","sale","shipping-taxable","purchasable","product-type-simple"],"aioseo_notices":[],"featured_img":"https:\/\/www.planetbookeditrice.it\/wp-content\/uploads\/nc\/images\/stories\/virtuemart\/product\/9788831467957-fronte-big.jpg","coauthors":[],"author_meta":{"author_link":"https:\/\/www.planetbookeditrice.it\/?author=1","display_name":"admin"},"relative_dates":{"created":"Pubblicato 4 anni fa","modified":"Aggiornato 4 anni fa"},"absolute_dates":{"created":"Pubblicato il 7 Marzo 2022","modified":"Aggiornato il 7 Marzo 2022"},"absolute_dates_time":{"created":"Pubblicato il 7 Marzo 2022 11:58","modified":"Aggiornato il 7 Marzo 2022 12:10"},"featured_img_caption":"","tax_additional":{"product_type":{"linked":[],"unlinked":[],"slug":"product_type","name":"Product type"},"product_visibility":{"linked":[],"unlinked":[],"slug":"product_visibility","name":"Product visibility"},"product_cat":{"linked":["<a href=\"https:\/\/www.planetbookeditrice.it\/?product_cat=romanzi-1\" class=\"advgb-post-tax-term\">Romanzi<\/a>","<a href=\"https:\/\/www.planetbookeditrice.it\/?product_cat=narrativa\" class=\"advgb-post-tax-term\">Narrativa<\/a>"],"unlinked":["<span class=\"advgb-post-tax-term\">Romanzi<\/span>","<span class=\"advgb-post-tax-term\">Narrativa<\/span>"],"slug":"product_cat","name":"Product categories"},"product_tag":{"linked":[],"unlinked":[],"slug":"product_tag","name":"Product tags"},"product_shipping_class":{"linked":[],"unlinked":[],"slug":"product_shipping_class","name":"Product shipping classes"},"pa_brand_nc":{"linked":["<a href=\"https:\/\/www.planetbookeditrice.it\/?pa_brand_nc=2022\" class=\"advgb-post-tax-term\">2022<\/a>"],"unlinked":["<span class=\"advgb-post-tax-term\">2022<\/span>"],"slug":"pa_brand_nc","name":"Product Brand"}},"series_order":"","_links":{"self":[{"href":"https:\/\/www.planetbookeditrice.it\/index.php?rest_route=\/wp\/v2\/product\/1851","targetHints":{"allow":["GET"]}}],"collection":[{"href":"https:\/\/www.planetbookeditrice.it\/index.php?rest_route=\/wp\/v2\/product"}],"about":[{"href":"https:\/\/www.planetbookeditrice.it\/index.php?rest_route=\/wp\/v2\/types\/product"}],"replies":[{"embeddable":true,"href":"https:\/\/www.planetbookeditrice.it\/index.php?rest_route=%2Fwp%2Fv2%2Fcomments&post=1851"}],"wp:featuredmedia":[{"embeddable":true,"href":"https:\/\/www.planetbookeditrice.it\/index.php?rest_route=\/wp\/v2\/media\/1852"}],"wp:attachment":[{"href":"https:\/\/www.planetbookeditrice.it\/index.php?rest_route=%2Fwp%2Fv2%2Fmedia&parent=1851"}],"wp:term":[{"taxonomy":"product_cat","embeddable":true,"href":"https:\/\/www.planetbookeditrice.it\/index.php?rest_route=%2Fwp%2Fv2%2Fproduct_cat&post=1851"},{"taxonomy":"product_tag","embeddable":true,"href":"https:\/\/www.planetbookeditrice.it\/index.php?rest_route=%2Fwp%2Fv2%2Fproduct_tag&post=1851"}],"curies":[{"name":"wp","href":"https:\/\/api.w.org\/{rel}","templated":true}]}}

<p><span style="color: #800000;"><strong>IL LIBRO</strong></span></p>
<p>&#8230; Ci lasciamo condurre nei paesaggi di allora, e nel tempo di allora, la prima metà del ʹ900, quando tutto era diverso. Diverso nella forma, ma non nella sostanza. Perché questo testimonia la scrittura di Glauco: il mondo di oggi è profondamente diverso, ma qualcosa permane. E in questo qualcosa, l’oggi non si differenzia da ieri: resta immutato il nostro bisogno di dare e ricevere amore. Tutto è cambiato, ma non è cambiato ciò che conta e giustifica le nostre vite.</p>
<p align="right"><em>dalla prefazione di Paola Evangelisti </em></p>
<p><span style="color: #800000;"><strong>L’AUTORE</strong></span></p>
<p>Nato a Imola, Glauco Gardini da molti anni vive a Forlì. Si è laureato in economia e commercio presso l’Università di  Bologna. Entrato in Banca d’Italia, nel corso della sua carriera  ha rivestito cariche importanti, fino a dirigere alcune filiali,  tra le quali quella di Forlì. Col giungere della maturità ha ripreso a coltivare la passione giovanile per la letteratura, dedicandosi al romanzo, al racconto e alla fiaba. Ha pubblicato il romanzo “Diario  di un adolescente degli anni  Sessanta” ( Ed.  Tempo al libro, 2008), i racconti: “Il carillon”, “Livio e Taramot” e “I giorni  di Lorenzo” apparsi sulla rivista l’Ortica, il libro per bambini “Una  fiaba per noi” (Ed.  Tempo al libro, 2011), il romanzo “Da Biriciuci a Camilla” (Centro Culturale L’Ortica, 2013), il racconto “Otello” vincitore del 1° Premio ex aequo, Sezione Prosa, della XXVII edizione del Concorso Letterario “Dare vita agli anni” del 2017, e il libro “Via Battistini n. 20” (ed. Planet Book, 2019).</p>
<p> </p>
<p> </p>
